e the remainder when p is divided by 19.
6
Let j = -151 - -158. Let v(w) = -20*w + 226. What is the remainder when v(j) is divided by 26?
8
Let j(l) = 15*l**2 - 5*l - 1. Suppose -2*q - 5*u = -882, 3*q + q - 1752 = -4*u. What is the remainder when j(3) is divided by (-8)/36 + 0 + q/18?
23
Suppose 0 = 8*f - 6*f + 3*y - 47, 3*y + 103 = 4*f. Calculate the remainder when f/(-2)*-18 - 4 is divided by 45.
41
Calculate the remainder when 803 is divided by 5/(5/(-12)) - (35 + -253).
185
Suppose 21*k - 17 + 101 = 0. Calculate the remainder when (8 - 104)/((-3)/(-54)*k) is divided by 49.
40
Calculate the remainder when 221 - 9 - 51/(-3) is divided by 55.
9
Let v(o) be the second derivative of -7*o**3/6 - 10*o**2 - 9*o. What is the remainder when 121 is divided by v(-9)?
35
Calculate the remainder when 1654 is divided by (814/7)/(366/1281).
26
Let m = 1684 - 1624. What is the remainder when 1 + -1 - (-415 + (-1 - 3)) is divided by m?
59
Let y be (4/(-3) - 0)*1350/(-20). Let t = y - 78. Suppose -12*s = -11*s - 70. What is the remainder when s is divided by t?
10
Let p be (-6)/10 - (-13)/5. Suppose 4*w + 6 = 6. Suppose d + p*h + 4 = w, 2*h = -5*d + 6 + 6. Calculate the remainder when 7 is divided by d.
3
Suppose -12 = 2*u, -4*i + 602 = -5*u + 136. Calculate the remainder when 1524 is divided by i.
107
Let q(r) = -5*r**2 + 14*r - 73. Let y(i) = 4*i**2 - 13*i + 74. Let v(d) = -5*q(d) - 6*y(d). What is the remainder when v(-20) is divided by 18?
17
Let t = 279 + -276. Calculate the remainder when 619 is divided by (-8)/t*1*75/(-10).
19
What is the remainder when (-894320)/(-2100) + 6/45 is divided by 82?
16
Suppose 3*u + 2*g = 929, g + 555 + 48 = 2*u. What is the remainder when u is divided by 17?
16
Suppose -z + 39 = 2*g, -7*z + 4*g = -94 - 53. What is the remainder when 190 is divided by z?
15
Suppose 84 = -2*p + 5*p. Let c(t) = -t**3 + 12*t**2 - 15*t + 32. Suppose 4*l = -2*h + 20, -h + 4*l - 1 = -11. Calculate the remainder when c(h) is divided by p.
26
Let h(w) be the first derivative of w**3 - 3*w**2/2 + 13*w - 13. Let b be -2 + 3 + 0 + -6. What is the remainder when h(b) is divided by 27?
22
Suppose -9*f - 1044 = -45*f. What is the remainder when f is divided by 12?
5
Let z(l) = -3*l**3 - 50*l**2 - 186*l + 2. What is the remainder when z(-13) is divided by 42?
15
Let r be (-4)/2 + 6 + 1. Suppose 475 = r*o + 4*c, o = 5*o + 5*c - 371. What is the remainder when o is divided by 5?
4
Suppose -48*b + 47*b + 100*b = 111474. Calculate the remainder when b is divided by 18.
10
Suppose 375*p + 107 = q + 377*p, 3*q + 4*p = 307. Calculate the remainder when q is divided by (-2 - -7) + -3 - -45.
46
Let c = -232 - -414. Let t = c + -167. What is the remainder when t is divided by 9?
6
Suppose -101907 = -69*j + 2*j. Calculate the remainder when j is divided by 190.
1
Let i = 53 - 26. Suppose 19*r = i*r - 256. Let m = -200 + 293. Calculate the remainder when m is divided by r.
29
Let a be -6 + 6 + (4 - 0) + 0. Suppose -a*c + 12*c - 240 = 0. What is the remainder when 108 is divided by c?
18
Let y = 8 + 25. Let o = 21 + -19. Suppose o*g - 33 = v, 2*v = -2*g + 5*g - 49. Calculate the remainder when y is divided by g.
16
Let f = -4544 - -4572. Calculate the remainder when 62 is divided by f.
6
Suppose -3*u - 111 = -4*l, 4*u = u - 3. Let p = 120 - 142. What is the remainder when l is divided by (p/44)/((-2)/28)?
6
Let b be (-20)/(-12) + -2 + (-75)/(-9). What is the remainder when (b - 7)*(24 + -1) is divided by 6?
5
Suppose -b - 4*b = -375. Suppose b = 3*h - 204. Suppose -4*a - 25 = -h. What is the remainder when 63 is divided by a?
12
Let g = -2019 - -2062. What is the remainder when 624 is divided by g?
22
Let h be (6 + -5)/(1/(-4)). What is the remainder when 7/(231/5555) - h/6 is divided by 9?
7
Suppose -2*n + 237 = 5*a, -3 = -n - 2. Let x = 103456 - 103278. Calculate the remainder when x is divided by a.
37
Let c be 2/((-4936)/(-1236) + -4). Let r = c - -327. What is the remainder when r is divided by 3/(-6)*(0 - 6)?
0
Let p(q) = q**2 - 6*q - 4. Let f(s) = 16*s**2 + 118*s - 319. Calculate the remainder when f(3) is divided by p(-4).
35
Let n(a) = 2*a**2 - a - 9. Let s be n(3). Suppose -293 = -s*v + 529. What is the remainder when v is divided by 2/1*644/56?
22
Suppose 5*s = 2*t + 2808 + 22894, -4*t - 10252 = -2*s. Calculate the remainder when s is divided by 83.
81
Let n(r) = r**3 + 10*r**2 - 26*r - 13. Let p = -46 - -34. Calculate the remainder when -1 + -1 + -1 + 43 is divided by n(p).
7
What is the remainder when 270 is divided by 402/2211 - ((-5796)/33)/2?
6
Suppose 5*c - 250 = -9*w, 2*w = -172*c + 168*c + 200. Calculate the remainder when 1838 is divided by c.
38
Suppose 5*i - 32 = -3*k, -2*i - i + 2*k = -4. Suppose -78 = -7*t + i*t. Calculate the remainder when t is divided by 8.
2
Let x(g) = -5*g - 12. Suppose -3*m + 5*z = -287, -280 = -3*m + 2*z - 5. What is the remainder when m is divided by x(-5)?
11
Let t(m) = m**3 - 3*m**2 - 48*m - 44. Let w(n) = -n**3 - 4*n**2 - 5*n - 6. What is the remainder when w(-4) is divided by t(9)?
4
Let t = -451 - -55. Let b = t - -471. Calculate the remainder when b is divided by 20.
15
Let t = 5216 + -5159. Calculate the remainder when 215 is divided by t.
44
Let r = 368 - -7. Let k = r + -271. Calculate the remainder when k is divided by 27.
23
Let d = -1294 + 1477. What is the remainder when d is divided by 6?
3
Let b(v) be the third derivative of v**6/120 - 7*v**5/12 - v**4/12 + 39*v**3/2 + 68*v**2 + 2. Calculate the remainder when 179 is divided by b(35).
38
Let t(g) = g + 9. Let c be t(-9). Suppose m - 4*r = 2*m, c = m - 3*r - 14. Let j(i) = i**2 + 5*i - 15. What is the remainder when j(m) is divided by 30?
29
Let w = -19163 - -19454. What is the remainder when 588 is divided by w?
6
Suppose 0 = 176*z - 178*z + 104. Let j = -4 + -16. Let v = z + j. What is the remainder when v is divided by 11?
10
Calculate the remainder when 260 is divided by (-1152)/(-24) + 3/((-9)/21).
14
Calculate the remainder when 314 is divided by (1 - 5) + -11*(-12 + -3).
153
Let i(h) = h**2 + 11*h + 7. Calculate the remainder when 10/6 + 6380/87 is divided by i(-12).
18
Suppose m + 50 = 6*m. Let t be (1/2)/(5/(-190)). Let f = 0 - t. What is the remainder when f is divided by m?
9
Suppose -3*j + 14*i = 95 - 365, 3*j = 2*i + 234. Let d = 3 - -1. Calculate the remainder when ((-90)/48)/((-6)/d)*j is divided by 25.
20
Suppose 69 = 3*c - 4*l, -c = -2*l - 3*l - 12. Let j(i) = -46*i + 7. Let q be j(5). Let h = q + 382. Calculate the remainder when h is divided by c.
24
Let p = 127 - 192. Let a = -19 - p. What is the remainder when a is divided by 13?
7
Suppose 61 = -3*a + 73. Suppose -5*n = -2*u + 31, -n = a*u - 0*n - 51. What is the remainder when 43 is divided by u?
4
Suppose -2*r = -u - 249, 3*r + 2*r = 5*u + 625. Suppose 0 = -r*b + 129*b - 230. Calculate the remainder when b is divided by 12.
10
Let f(k) = 3*k**2 - 3*k - 2. Let i = -11417 - -11494. Calculate the remainder when i is divided by f(-2).
13
Suppose 10*c - 1239 + 213 = 1114. Calculate the remainder when c is divided by 5.
4
Suppose 15*g + 88 = 17*g. Let q = -115 - -199. Calculate the remainder when q is divided by g.
40
Suppose -n - 41 - 130 = -2*w, 0 = -w + 2*n + 75. Let p = 15 - 5. What is the remainder when w is divided by p?
9
Suppose 188002 - 51119 = 180*r - 45637. Calculate the remainder when r is divided by 1008.
6
Suppose 0 = 4*l + f - 14060, 39*l + 3*f - 10527 = 36*l. Calculate the remainder when l is divided by 55.
52
Suppose -172957 = -22*v - 171769. What is the remainder when 1394 is divided by v?
44
Let j = 7207 - 7163. What is the remainder when 875 is divided by j?
39
Suppose 0 = 3*w + 7*k - 12*k + 1080, -2*k + 1781 = -5*w. Let p = w - -359. What is the remainder when 93 is divided by p?
1
Suppose 2*u = -3*l + 87992, 33*u - 34*u + 762728 = 26*l. What is the remainder when l is divided by 11?
10
Let k(p) = -p**2 - 15*p - 15. Calculate the remainder when 1476 is divided by k(-11).
26
Let s = 130 - 124. Suppose -19*b + 364 = -s*b. Calculate the remainder when b is divided by (-4)/14 + (-44)/(-7).
4
Let k = 13177 - 13041. What is the remainder when 1900 is divided by k?
132
Let n = 33510 - 33474. Suppose -2*j - 2*c + 3 = -131, 4*j - 283 = c. Calculate the remainder when j i